{"id":867,"date":"2022-06-08T17:03:55","date_gmt":"2022-06-08T15:03:55","guid":{"rendered":"https:\/\/carodreva.sk\/eshop\/?post_type=product&#038;p=867"},"modified":"2024-05-27T10:35:29","modified_gmt":"2024-05-27T08:35:29","slug":"kombi-mask-folia","status":"publish","type":"product","link":"https:\/\/carodreva.sk\/eshop\/produkt\/kombi-mask-folia\/","title":{"rendered":"Kombi-mask f\u00f3lia 270cm\/16m"},"content":{"rendered":"<ul>\n<li>Materi\u00e1l &#8211; silnovrstv\u00fd krepov\u00fd papier<\/li>\n<li>Zakr\u00fdvac\u00ed materi\u00e1l &#8211; HDPE f\u00f3lia<\/li>\n<li>Lepidlo &#8211; pr\u00edrodn\u00fd ku\u010duk<\/li>\n<li>Lepivos\u0165 &#8211; vysok\u00e1<\/li>\n<li>Maxim\u00e1lna doba pou\u017eita je 7 dn\u00ed<\/li>\n<li>Teplotn\u00e1 odolnos\u0165 &#8211; 60\u00b0C (maxim\u00e1lne 60 min\u00fat)<\/li>\n<\/ul>\n","protected":false},"excerpt":{"rendered":"<p>F\u00f3lia s vysoko kvalitnou p\u00e1skou pre \u0161tandardn\u00e9 pr\u00e1ce v interi\u00e9roch. Ve\u013ekos\u0165: 270cm x 16m.<\/p>\n","protected":false},"featured_media":887,"comment_status":"open","ping_status":"closed","template":"","meta":[],"product_cat":[74],"product_tag":[],"acf":[],"_links":{"self":[{"href":"https:\/\/carodreva.sk\/eshop\/wp-json\/wp\/v2\/product\/867"}],"collection":[{"href":"https:\/\/carodreva.sk\/eshop\/wp-json\/wp\/v2\/product"}],"about":[{"href":"https:\/\/carodreva.sk\/eshop\/wp-json\/wp\/v2\/types\/product"}],"replies":[{"embeddable":true,"href":"https:\/\/carodreva.sk\/eshop\/wp-json\/wp\/v2\/comments?post=867"}],"wp:featuredmedia":[{"embeddable":true,"href":"https:\/\/carodreva.sk\/eshop\/wp-json\/wp\/v2\/media\/887"}],"wp:attachment":[{"href":"https:\/\/carodreva.sk\/eshop\/wp-json\/wp\/v2\/media?parent=867"}],"wp:term":[{"taxonomy":"product_cat","embeddable":true,"href":"https:\/\/carodreva.sk\/eshop\/wp-json\/wp\/v2\/product_cat?post=867"},{"taxonomy":"product_tag","embeddable":true,"href":"https:\/\/carodreva.sk\/eshop\/wp-json\/wp\/v2\/product_tag?post=867"}],"curies":[{"name":"wp","href":"https:\/\/api.w.org\/{rel}","templated":true}]}}