{"id":702,"date":"2022-06-01T10:57:03","date_gmt":"2022-06-01T08:57:03","guid":{"rendered":"https:\/\/carodreva.sk\/eshop\/?post_type=product&#038;p=702"},"modified":"2026-04-01T10:53:03","modified_gmt":"2026-04-01T08:53:03","slug":"bori-lakova-lazura-uv-extra","status":"publish","type":"product","link":"https:\/\/carodreva.sk\/eshop\/produkt\/bori-lakova-lazura-uv-extra\/","title":{"rendered":"BORI lakov\u00e1 laz\u00fara UV extra"},"content":{"rendered":"<p>BORI lakov\u00e1 laz\u00fara UV extra sa pou\u017e\u00edva na ochranu a dekor\u00e1ciu svetl\u00e9ho dreva. Drevo chr\u00e1ni pred zo\u0161ediven\u00edm a\u00a0pred poveternostn\u00fdmi vplyvmi (slne\u010dn\u00e9 l\u00fa\u010de, vlhkos\u0165, at\u010f.). Pou\u017e\u00edva sa na obklady, ploty, okenice, z\u00e1hradn\u00e9 pr\u00edstre\u0161ky, at\u010f.<\/p>\n<h4>Vlastnosti:<\/h4>\n<ul>\n<li>Pre dlhotrvaj\u00facu ochranu svetl\u00e9ho dreva, pom\u00e1ha zachov\u00e1va\u0165 prirodzen\u00fd farebn\u00fd odtie\u0148<\/li>\n<li>Ochrana dreva pred poveternostn\u00fdmi vplyvmi<\/li>\n<li>Obsahuje \u0161peci\u00e1lne UV pr\u00edsady, ktor\u00e9 zabra\u0148uj\u00fa zo\u0161ediveniu dreva<\/li>\n<li>Bohat\u00fd a leskl\u00fd povrch<\/li>\n<li>Elasticita \u2013 ochrann\u00fd film neprask\u00e1, ani sa nel\u00fape<\/li>\n<\/ul>\n<h4>Spotreba:<\/h4>\n<p>1 l n\u00e1teru pokryje 12 &#8211; 14 m\u00b2 povrchu v jednom n\u00e1tere.<\/p>\n<h4>Farebn\u00e9 odtiene:<\/h4>\n<p>bezfarebn\u00e1<\/p>\n<h4>Tip:<\/h4>\n<p>Pred pou\u017eit\u00edm v\u00fdrobku si pre\u010d\u00edtajte prilo\u017een\u00fa technick\u00fa inform\u00e1ciu. Skladujte pri teplote medzi +5 \u00b0C a 35 \u00b0C a nevystavujte ho priamemu slne\u010dn\u00e9mu \u017eiareniu. Nevylievajte v\u00fdrobok do odpadov\u00fdch syst\u00e9mov.<\/p>\n<div class=\"usage-manual\">\n<h4>Manu\u00e1l na pou\u017eitie:<\/h4>\n<ul>\n<li><img src=\"\/eshop\/wp-assets\/uploads\/web\/pictograms\/povrchy-interier-exterier.png\" \/>Povrchy v interi\u00e9ri aj v exteri\u00e9ri<\/li>\n<li><img src=\"\/eshop\/wp-assets\/uploads\/web\/pictograms\/pred-pouzitim-premiesajte.png\" \/>Pred pou\u017eit\u00edm dobre zamie\u0161ajte<\/li>\n<li><img src=\"\/eshop\/wp-assets\/uploads\/web\/pictograms\/neriedit-riedidlom.png\" \/>Tento v\u00fdrobok sa neriedi riedidlom<\/li>\n<li><img src=\"\/eshop\/wp-assets\/uploads\/web\/pictograms\/nanasanie-valcekom-stetcom.png\" \/>Nan\u00e1\u0161anie val\u010dekom alebo \u0161tetcom<\/li>\n<li><img src=\"\/eshop\/wp-assets\/uploads\/web\/pictograms\/cistenie-naradia-riedidlom.png\" \/>\u010cistenie n\u00e1strojov s riedidlom<\/li>\n<li><img src=\"\/eshop\/wp-assets\/uploads\/web\/pictograms\/cas-susenia-24h.png\" \/>Doba schnutia medzi jednotliv\u00fdmi n\u00e1termi: 24 h<\/li>\n<li><img src=\"\/eshop\/wp-assets\/uploads\/web\/pictograms\/podmienky-pri-10-25c.png\" \/>Pracovn\u00e9 podmienky pri 10-25 \u00b0C<\/li>\n<\/ul>\n<\/div>\n","protected":false},"excerpt":{"rendered":"<p>BORI lakov\u00e1 laz\u00fara UV extra sa pou\u017e\u00edva na ochranu a dekor\u00e1ciu svetl\u00e9ho dreva. Drevo chr\u00e1ni pred zo\u0161ediven\u00edm a\u00a0pred poveternostn\u00fdmi vplyvmi (slne\u010dn\u00e9 l\u00fa\u010de, vlhkos\u0165, at\u010f.). Pou\u017e\u00edva sa na obklady, ploty, okenice, z\u00e1hradn\u00e9 pr\u00edstre\u0161ky, at\u010f.<\/p>\n","protected":false},"featured_media":703,"comment_status":"open","ping_status":"closed","template":"","meta":[],"product_cat":[64],"product_tag":[],"acf":[],"_links":{"self":[{"href":"https:\/\/carodreva.sk\/eshop\/wp-json\/wp\/v2\/product\/702"}],"collection":[{"href":"https:\/\/carodreva.sk\/eshop\/wp-json\/wp\/v2\/product"}],"about":[{"href":"https:\/\/carodreva.sk\/eshop\/wp-json\/wp\/v2\/types\/product"}],"replies":[{"embeddable":true,"href":"https:\/\/carodreva.sk\/eshop\/wp-json\/wp\/v2\/comments?post=702"}],"wp:featuredmedia":[{"embeddable":true,"href":"https:\/\/carodreva.sk\/eshop\/wp-json\/wp\/v2\/media\/703"}],"wp:attachment":[{"href":"https:\/\/carodreva.sk\/eshop\/wp-json\/wp\/v2\/media?parent=702"}],"wp:term":[{"taxonomy":"product_cat","embeddable":true,"href":"https:\/\/carodreva.sk\/eshop\/wp-json\/wp\/v2\/product_cat?post=702"},{"taxonomy":"product_tag","embeddable":true,"href":"https:\/\/carodreva.sk\/eshop\/wp-json\/wp\/v2\/product_tag?post=702"}],"curies":[{"name":"wp","href":"https:\/\/api.w.org\/{rel}","templated":true}]}}